{"id":282,"date":"2019-12-03T16:33:05","date_gmt":"2019-12-03T16:33:05","guid":{"rendered":"http:\/\/www.tubomet.com.ar\/new\/?page_id=282"},"modified":"2020-09-29T00:04:49","modified_gmt":"2020-09-29T00:04:49","slug":"institucional","status":"publish","type":"page","link":"http:\/\/www.tubomet.com.ar\/new\/institucional\/","title":{"rendered":"Institucional"},"content":{"rendered":"\n\n  <div class=\"banner has-hover\" id=\"banner-1323003434\">\n          <div class=\"banner-inner fill\">\n        <div class=\"banner-bg fill\" >\n            <div class=\"bg fill bg-fill \"><\/div>\n                        <div class=\"overlay\"><\/div>            \n                    <\/div><!-- bg-layers -->\n        <div class=\"banner-layers container\">\n            <div class=\"fill banner-link\"><\/div>            \n\n   <div id=\"text-box-658593108\" class=\"text-box banner-layer x50 md-x50 lg-x50 y50 md-y50 lg-y50 res-text\">\n                                <div class=\"text dark\">\n              \n              <div class=\"text-inner text-center\">\n                  \n\n<h3><span style=\"font-size: 110%;\"><strong>TUBOMET &#8211; Productos Sider\u00fargicos<\/strong><\/span><\/h3>\n<p><span lang=\"ES-AR\" style=\"font-size: 110%;\">Somos una empresa cordobesa, con m\u00e1s de 10 a\u00f1os de experiencia abasteciendo al segmento de la construcci\u00f3n, industrias metal\u00fargica, perforistas, &nbsp;agroindustrias, montajistas, cooperativas, industrias alimenticia, entre otros.<\/span><\/p>\n<div class=\"social-icons follow-icons\" ><a href=\"https:\/\/www.facebook.com\/TUBOMET\/\" target=\"_blank\" data-label=\"Facebook\"  rel=\"noopener noreferrer nofollow\" class=\"icon plain facebook tooltip\" title=\"S\u00edguenos en Facebook\"><i class=\"icon-facebook\" ><\/i><\/a><a href=\"https:\/\/www.instagram.com\/tubometsa\/\" target=\"_blank\" rel=\"noopener noreferrer nofollow\" data-label=\"Instagram\" class=\"icon plain  instagram tooltip\" title=\"S\u00edguenos en Instagram\"><i class=\"icon-instagram\" ><\/i><\/a><a href=\"mailto:info@tubomet.com.ar\" data-label=\"E-mail\"  rel=\"nofollow\" class=\"icon plain  email tooltip\" title=\"Env\u00edanos un email\"><i class=\"icon-envelop\" ><\/i><\/a><a href=\"tel:+54 0351 4665275\" target=\"_blank\"  data-label=\"Phone\"  rel=\"noopener noreferrer nofollow\" class=\"icon plain  phone tooltip\" title=\"Call us\"><i class=\"icon-phone\" ><\/i><\/a><a href=\"https:\/\/www.linkedin.com\/in\/augusto-picca-221101197\/\" target=\"_blank\" rel=\"noopener noreferrer nofollow\" data-label=\"LinkedIn\" class=\"icon plain  linkedin tooltip\" title=\"Follow on LinkedIn\"><i class=\"icon-linkedin\" ><\/i><\/a><\/div>\n\n\n              <\/div>\n           <\/div><!-- text-box-inner -->\n                            \n<style scope=\"scope\">\n\n#text-box-658593108 {\n  width: 62%;\n}\n#text-box-658593108 .text {\n  font-size: 100%;\n}\n<\/style>\n    <\/div><!-- text-box -->\n \n\n        <\/div><!-- .banner-layers -->\n      <\/div><!-- .banner-inner -->\n\n            \n<style scope=\"scope\">\n\n#banner-1323003434 {\n  padding-top: 350px;\n}\n#banner-1323003434 .bg.bg-loaded {\n  background-image: url(http:\/\/www.tubomet.com.ar\/new\/wp-content\/uploads\/2020\/01\/IMG_1083-1067x800.jpg);\n}\n#banner-1323003434 .overlay {\n  background-color: rgba(15, 77, 111, 0.91);\n}\n#banner-1323003434 .bg {\n  background-position: 45% 13%;\n}\n<\/style>\n  <\/div><!-- .banner -->\n\n\n\t<section class=\"section\" id=\"section_935063610\">\n\t\t<div class=\"bg section-bg fill bg-fill  bg-loaded\" >\n\n\t\t\t\n\t\t\t\n\t\t\t\n\n\t\t<\/div><!-- .section-bg -->\n\n\t\t<div class=\"section-content relative\">\n\t\t\t\n\n\t<div id=\"gap-910970345\" class=\"gap-element clearfix\" style=\"display:block; height:auto;\">\n\t\t\n<style scope=\"scope\">\n\n#gap-910970345 {\n  padding-top: 51px;\n}\n<\/style>\n\t<\/div>\n\t\n\n<div class=\"row align-center\"  id=\"row-610397761\">\n\n<div class=\"col medium-6 small-10 large-6\"  ><div class=\"col-inner\"  >\n\n<h2 class=\"uppercase\">Institucional<\/h2>\n<p>Porque conocemos los tiempos y las exigencias de nuestros clientes, brindamos productos y un servicio acorde para cada necesidad.<\/p>\n<p>Eficiencia y eficacia son los calificativos que reconocen&nbsp; y valoran nuestros clientes al momento de trabajar con nosotros, sumado a las condiciones comerciales a medida, nos posiciona como un referente dentro del mercado local.<\/p>\n<p>Tener clientes satisfechos es uno de los factores clave para alcanzar el \u00e9xito en nuestro negocio, por esa raz\u00f3n desde Tubomet SA trabajamos en la mejora continua. Escuchamos a nuestros clientes para ofrecerles soluciones r\u00e1pidas y a medida de sus necesidades.<\/p>\n<p>Somos representantes exclusivos para la provincia de C\u00f3rdoba de Strand SA, especialista y l\u00edder en Argentina por m\u00e1s de 50 a\u00f1os en la fabricaci\u00f3n y comercializaci\u00f3n de productos de luminaria de alta calidad.<\/p>\n\n<\/div><\/div>\n<div class=\"col medium-6 small-10 large-6\"  ><div class=\"col-inner\"  >\n\n<h2 class=\"uppercase\">Valores<\/h2>\n<p>Calidad, Responsabilidad y Trabajo en equipo son el conjunto de principios \u00e9ticos y morales que definen el c\u00f3digo de conducta de Tubomet SA.<\/p>\n<ul>\n<li>Calidad al momento de ofrecer productos y servicios a nuestros clientes.<\/li>\n<li>Responsabilidad empresaria en cada operaci\u00f3n que llevamos adelante<\/li>\n<li>Trabajo en equipo para alcanzar las metas organizacionales y la satisfacci\u00f3n de nuestros clientes.<\/li>\n<\/ul>\n\n<\/div><\/div>\n\n\n<style scope=\"scope\">\n\n<\/style>\n<\/div>\n\n\t\t<\/div><!-- .section-content -->\n\n\t\t\n<style scope=\"scope\">\n\n#section_935063610 {\n  padding-top: 30px;\n  padding-bottom: 30px;\n}\n<\/style>\n\t<\/section>\n\t\n","protected":false},"excerpt":{"rendered":"","protected":false},"author":1,"featured_media":0,"parent":0,"menu_order":0,"comment_status":"closed","ping_status":"closed","template":"page-blank.php","meta":[],"yoast_head":"<!-- This site is optimized with the Yoast SEO plugin v15.0 - https:\/\/yoast.com\/wordpress\/plugins\/seo\/ -->\n<title>Tubomet - Productos Sider\u00fargicos - Institucional<\/title>\n<meta name=\"description\" content=\"Comercializaci\u00f3n de Productos Sider\u00fargicos. Contamos con un amplio cat\u00e1logo de productos. Hierros cuadrados. Hierros redondos. Hierro Te.\" \/>\n<meta name=\"robots\" content=\"index, follow, max-snippet:-1, max-image-preview:large, max-video-preview:-1\" \/>\n<link rel=\"canonical\" href=\"http:\/\/www.tubomet.com.ar\/new\/institucional\/\" \/>\n<meta property=\"og:locale\" content=\"es_ES\" \/>\n<meta property=\"og:type\" content=\"article\" \/>\n<meta property=\"og:title\" content=\"Tubomet - Productos Sider\u00fargicos - Institucional\" \/>\n<meta property=\"og:description\" content=\"Comercializaci\u00f3n de Productos Sider\u00fargicos. Contamos con un amplio cat\u00e1logo de productos. Hierros cuadrados. Hierros redondos. Hierro Te.\" \/>\n<meta property=\"og:url\" content=\"http:\/\/www.tubomet.com.ar\/new\/institucional\/\" \/>\n<meta property=\"og:site_name\" content=\"Tubomet\" \/>\n<meta property=\"article:publisher\" content=\"https:\/\/www.facebook.com\/TUBOMET\/\" \/>\n<meta property=\"article:modified_time\" content=\"2020-09-29T00:04:49+00:00\" \/>\n<meta name=\"twitter:card\" content=\"summary_large_image\" \/>\n<script type=\"application\/ld+json\" class=\"yoast-schema-graph\">{\"@context\":\"https:\/\/schema.org\",\"@graph\":[{\"@type\":\"Organization\",\"@id\":\"http:\/\/www.tubomet.com.ar\/new\/#organization\",\"name\":\"Tubomet\",\"url\":\"http:\/\/www.tubomet.com.ar\/new\/\",\"sameAs\":[\"https:\/\/www.facebook.com\/TUBOMET\/\",\"https:\/\/www.instagram.com\/tubometsa\/\",\"https:\/\/www.linkedin.com\/in\/augusto-picca-221101197\/\"],\"logo\":{\"@type\":\"ImageObject\",\"@id\":\"http:\/\/www.tubomet.com.ar\/new\/#logo\",\"inLanguage\":\"es\",\"url\":\"http:\/\/www.tubomet.com.ar\/new\/wp-content\/uploads\/2019\/12\/logoTUBOMET.png\",\"width\":1791,\"height\":218,\"caption\":\"Tubomet\"},\"image\":{\"@id\":\"http:\/\/www.tubomet.com.ar\/new\/#logo\"}},{\"@type\":\"WebSite\",\"@id\":\"http:\/\/www.tubomet.com.ar\/new\/#website\",\"url\":\"http:\/\/www.tubomet.com.ar\/new\/\",\"name\":\"Tubomet\",\"description\":\"Productos Sider\\u00fargicos\",\"publisher\":{\"@id\":\"http:\/\/www.tubomet.com.ar\/new\/#organization\"},\"potentialAction\":[{\"@type\":\"SearchAction\",\"target\":\"http:\/\/www.tubomet.com.ar\/new\/?s={search_term_string}\",\"query-input\":\"required name=search_term_string\"}],\"inLanguage\":\"es\"},{\"@type\":\"WebPage\",\"@id\":\"http:\/\/www.tubomet.com.ar\/new\/institucional\/#webpage\",\"url\":\"http:\/\/www.tubomet.com.ar\/new\/institucional\/\",\"name\":\"Tubomet - Productos Sider\\u00fargicos - Institucional\",\"isPartOf\":{\"@id\":\"http:\/\/www.tubomet.com.ar\/new\/#website\"},\"datePublished\":\"2019-12-03T16:33:05+00:00\",\"dateModified\":\"2020-09-29T00:04:49+00:00\",\"description\":\"Comercializaci\\u00f3n de Productos Sider\\u00fargicos. Contamos con un amplio cat\\u00e1logo de productos. Hierros cuadrados. Hierros redondos. Hierro Te.\",\"inLanguage\":\"es\",\"potentialAction\":[{\"@type\":\"ReadAction\",\"target\":[\"http:\/\/www.tubomet.com.ar\/new\/institucional\/\"]}]}]}<\/script>\n<!-- \/ Yoast SEO plugin. -->","_links":{"self":[{"href":"http:\/\/www.tubomet.com.ar\/new\/wp-json\/wp\/v2\/pages\/282"}],"collection":[{"href":"http:\/\/www.tubomet.com.ar\/new\/wp-json\/wp\/v2\/pages"}],"about":[{"href":"http:\/\/www.tubomet.com.ar\/new\/wp-json\/wp\/v2\/types\/page"}],"author":[{"embeddable":true,"href":"http:\/\/www.tubomet.com.ar\/new\/wp-json\/wp\/v2\/users\/1"}],"replies":[{"embeddable":true,"href":"http:\/\/www.tubomet.com.ar\/new\/wp-json\/wp\/v2\/comments?post=282"}],"version-history":[{"count":6,"href":"http:\/\/www.tubomet.com.ar\/new\/wp-json\/wp\/v2\/pages\/282\/revisions"}],"predecessor-version":[{"id":1458,"href":"http:\/\/www.tubomet.com.ar\/new\/wp-json\/wp\/v2\/pages\/282\/revisions\/1458"}],"wp:attachment":[{"href":"http:\/\/www.tubomet.com.ar\/new\/wp-json\/wp\/v2\/media?parent=282"}],"curies":[{"name":"wp","href":"https:\/\/api.w.org\/{rel}","templated":true}]}}